122 (base 4) to base 5
-2411240
Convert -989a1 (base 12) to base 13.
-70b61
Convert -102285 (base 10) to base 13.
-37731
-1a2687 (base 11) to base 5
-34422234
Convert -559a (base 12) to base 2.
-10010100000110
Convert -30b378 (base 13) to base 11.
-708539
-141342325 (base 6) to base 10
-2875085
3030302330 (base 4) to base 12
345538
-1ba23 (base 16) to base 5
-12110222
-532504 (base 10) to base 3
-1000001110101
What is 452406 (base 8) in base 3?
21202122200
Convert -13215131 (base 6) to base 11.
-279a9a
222100222110 (base 3) to base 7
4261134
Convert 4818 (base 14) to base 12.
7332
Convert 346998 (base 13) to base 8.
4573507
-dca4c1 (base 14) to base 13
-171c1b0
Convert 105203660 (base 7) to base 11.
3673466
-224420 (base 7) to base 12
-1b192
What is -400043120 (base 6) in base 9?
-13578053
What is -15042113 (base 6) in base 12?
-210339
-1088315 (base 9) to base 7
-5005112
Convert 131211341 (base 5) to base 15.
cbdb6
41213000 (base 6) to base 9
2204000
Convert -372b9 (base 14) to base 15.
-2a00b
What is 3833425 (base 9) in base 15?
2b3e22
Convert 211101143 (base 5) to base 14.
18c118
33352312 (base 8) to base 6
414135334
What is -11324012 (base 5) in base 11?
-71888
148525a (base 14) to base 4
212021332300
Convert 2b89b (base 14) to base 4.
122202301
4362040 (base 7) to base 10
536137
Convert -100400 (base 13) to base 2.
-1011010110100000001
971a4 (base 11) to base 14
39705
32111444 (base 6) to base 14
1a7712
What is -225540 (base 13) in base 7?
-6620103
What is -11241314 (base 6) in base 5?
-42111122
-26241 (base 11) to base 3
-1220111221
What is 273086 (base 10) in base 4?
1002222332
-1156755 (base 10) to base 11
-7200a6
Convert -111332031122 (base 4) to base 10.
-5759834
What is 222101102 (base 4) in base 14?
47150
14201040 (base 5) to base 7
1151426
-163140b (base 12) to base 15
-5eb34e
Convert 9a868 (base 11) to base 13.
51681
What is -112332111320 (base 4) in base 11?
-3443899
What is 62f52 (base 16) in base 4?
1202331102
3bab43 (base 13) to base 8
5423636
6156521 (base 7) to base 14
152848
Convert 54740 (base 14) to base 8.
617304
What is 7316476 (base 10) in base 11?
4147a82
What is 12a73b (base 12) in base 13?
aa636
123011023 (base 5) to base 8
2211121
Convert 476753 (base 10) to base 15.
963d8
Convert 85181 (base 11) to base 3.
20022002100
-222221200 (base 3) to base 5
-1112042
-23078b (base 12) to base 6
-20005055
What is -23a0590 (base 11) in base 15?
-57685e
-27bb0 (base 16) to base 10
-162736
Convert -a0f907 (base 16) to base 11.
-5a56005
Convert 768a10 (base 11) to base 5.
303231242
Convert -302201 (base 6) to base 11.
-169a7
Convert 22146d1 (base 14) to base 11.
9155425
Convert -13046a9 (base 11) to base 16.
-227f93
3980a (base 12) to base 7
446044
-12d382 (base 14) to base 2
-10011110111100010110
Convert 132329 (base 14) to base 11.
41028a
Convert -4422306 (base 8) to base 2.
-100100010010011000110
What is 5b08a (base 13) in base 10?
167086
Convert -2098248 (base 12) to base 7.
-103316246
What is 10b83b (base 12) in base 11?
174151
-1140412000 (base 5) to base 3
-12000122001000
Convert a60391 (base 11) to base 7.
20303553
What is -727557 (base 8) in base 2?
-111010111101101111
Convert -bd52c8 (base 15) to base 12.
-3034b8b
-2447315 (base 9) to base 4
-11010313322
What is -6a19b (base 13) in base 4?
-233101201
What is 11708b5 (base 12) in base 8?
14714011
What is -46075 (base 12) in base 7?
-536210
-7f09e (base 16) to base 7
-4265025
What is 6b3a7 (base 12) in base 14?
3a687
What is -1308ef (base 16) in base 12?
-501abb
What is -213013342 (base 5) in base 16?
-dd853
2334024301 (base 5) to base 16
520b3a
What is -23413 (base 10) in base 15?
-6e0d
Convert -165565 (base 8) to base 2.
-1110101101110101
72350d (base 14) to base 10
3850825
2105318 (base 9) to base 4
10102313030
What is -8480a8 (base 13) in base 3?
-12211121120002
Convert -173330 (base 8) to base 3.
-10012200110
Convert -105559 (base 10) to base 3.
-12100210121
What is 10200220211010 (base 3) in base 7?
22500564
Convert -142634 (base 11) to base 13.
-7a69c
What is -11936a9 (base 13) in base 15?
-72d980
Convert -21574b2 (base 12) to base 6.
-343455142
-a5731 (base 12) to base 3
-102000201201
What is -2ac2d (base 16) in base 7?
-1326432
281349 (base 12) to base 16
a28a9
What is 210122212211220 (base 3) in base 10?
11512257
Convert 10951 (base 12) to base 11.
15665
-1303277 (base 8) to base 7
-3035622
Convert 122142132 (base 5) to base 15.
b80b2
Convert 10012220120 (base 3) to base 11.
43668
4034404022 (base 5) to base 9
16248734
-3161540 (base 7) to base 9
-645728
Convert -12302324 (base 5) to base 8.
-350461
825122 (base 9) to base 2
1110111011100101100
Convert -13659097 (base 10) to base 3.
-221200221202111
Convert 1b89b (base 15) to base 8.
257140
What is 243328 (base 10) in base 15?
4c16d
What is -23a0a8 (base 12) in base 9?
-1068782
2012212020 (base 3) to base 10
43638
Convert 197c4b (base 16) to base 7.
20124305
Convert 2a67ba (base 15) to base 13.
568957
What is -26ac7a (base 15) in base 2?
-111000101110111111001
What is -222121122112 (base 3) in base 10?
-523895
21523052 (base 6) to base 15
cc305
What is 74c03c (base 14) in base 4?
33010230312
What is 433140104 (base 6) in base 4?
131122220020
What is 203431024 (base 5) in base 13?
236705
What is 105324342 (base 6) in base 10?
1939814
Convert -346604 (base 10) to base 12.
-1486b8
Convert 10010001110011010011 (base 2) to base 4.
2101303103
Convert 42147 (base 9) to base 5.
1342301
What is -1010111100111110101 (base 2) in base 4?
-1113213311
What is -15362360 (base 7) in base 13?
-3c9671
Convert -59011 (base 13) to base 4.
-213230200
Convert -201201020101 (base 3) to base 13.
-1077b2
Convert -32a2b7 (base 12) to base 4.
-3010230223
Convert -1122340121 (base 5) to base 15.
-3537e1
Convert -22270 (base 12) to base 4.
-23003310
816e7 (base 15) to base 5
101104232
What is -475515 (base 9) in base 10?
-286187
Convert -210213030223 (base 4) to base 12.
-326a2b7
What is -81a4e (base 15) in base 9?
-685332
Convert 14d604 (base 15) to base 7.
11363110
13313150 (base 9) to base 16
6425f1
What is 42532 (base 6) in base 5?
141231
4244221 (base 6) to base 13
73a7a
What is -1adbc (base 15) in base 13?
-30a80
-6956 (base 13) to base 9
-22235
Convert -1453766 (base 11) to base 14.
-48cbc6
-10000111111011111 (base 2) to base 11
-48322
What is -36e8c (base 16) in base 5?
-24144113
12132110 (base 7) to base 6
35120345
Convert -34012402 (base 6) to base 12.
-417102
What is -d57a13 (base 14) in base 8?
-33370161
What is -18556a (base 15) in base 14?
-22ad07
321014143 (base 5) to base 13
381218
What is 2b6747 (base 16) in base 12?
b52147
What is -100111101000101011 (base 2) in base 3?
-22020200212
Convert 7d92b7 (base 16) to base 6.
452215451
Convert -1470565 (base 9) to base 11.
-506656
What is -243452 (base 8) in base 10?
-83754
326b90 (base 15) to base 3
11112001020200
Convert 2242520 (base 6) to base 4.
123333300
Convert -2100302331 (base 4) to base 14.
-1161d3
What is 201000122000001 (base 3) in base 15?
d4a74d
12133001222 (base 4) to base 10
1699946
What is 22205 (base 13) in base 5?
3434414
Convert 121625 (base 7) to base 14.
8185
-220bc (base 13) to base 6
-1153303
What is -545052025 (base 6) in base 11?
-556539a
Convert 44621 (base 10) to base 4.
22321031
Convert -116135026 (base 7) to base 15.
-998d3d
81a7 (base 15) to base 9
41504
1000011100001101111 (base 2) to base 16
4386f
What is -7202904 (base 10) in base 5?
-3320443104
What is -524035 (base 6) in base 2?
-1010010101110111
What is 71a70 (base 12) in base 16?
243b4
Convert -5beb9 (base 15) to base 7.
-2331621
What is -3531220 (base 9) in base 15?
-27ae90
-1122102011212 (base 3) to base 10
-874202
12222112202 (base 3) to base 5
12232032
What is -432271 (base 8) in base 7?
-1141325
What is -125158a (base 11) in base 4?
-20101201012
Convert -40617 (base 10) to base 5.
-2244432
Convert -10011001001001010000101 (base 2) to base 13.
-106919b
Convert 2662414 (base 7) to base 11.
220050
What is -223596 (base 10) in base 12?
-a9490
-547436 (base 8) to base 6
-3540142
What is 10301314 (base 5) in base 3?
11110022111
Convert -1503306 (base 7) to base 10.
-202866
What is -674508 (base 10) in base 16?
-a4acc
Convert -212120021011 (base 3) to base 6.
-13535221
3773271 (base 11) to